hat are the prime factors of 71980?
2, 5, 59, 61
What are the prime factors of 16467021?
3, 757, 2417
What are the prime factors of 128674?
2, 7, 13, 101
What are the prime factors of 389920?
2, 5, 2437
What are the prime factors of 694388?
2, 67, 2591
List the prime factors of 796271.
7, 19, 5987
What are the prime factors of 546909?
3, 11, 16573
List the prime factors of 146980.
2, 5, 7349
What are the prime factors of 106026?
2, 3, 41, 431
List the prime factors of 209867.
7, 4283
What are the prime factors of 1104928?
2, 11, 43, 73
What are the prime factors of 1100818?
2, 17, 32377
What are the prime factors of 65005?
5, 13001
What are the prime factors of 308336?
2, 7, 2753
List the prime factors of 174111.
3, 7, 8291
List the prime factors of 744379.
17, 43787
List the prime factors of 84521.
84521
What are the prime factors of 6088749?
3, 131, 15493
What are the prime factors of 16958?
2, 61, 139
What are the prime factors of 14176070?
2, 5, 29, 48883
List the prime factors of 3925862.
2, 887, 2213
What are the prime factors of 5027508?
2, 3, 59, 263
What are the prime factors of 910099?
910099
List the prime factors of 117335.
5, 31, 757
List the prime factors of 329028.
2, 3, 7, 3917
List the prime factors of 195232.
2, 6101
What are the prime factors of 39978?
2, 3, 2221
List the prime factors of 117178.
2, 41, 1429
What are the prime factors of 4697590?
2, 5, 461, 1019
What are the prime factors of 30581387?
1901, 16087
What are the prime factors of 16094139?
3, 53, 101221
List the prime factors of 3479276.
2, 869819
List the prime factors of 176205.
3, 5, 17, 691
What are the prime factors of 5502515?
5, 1100503
What are the prime factors of 1447032?
2, 3, 60293
What are the prime factors of 301727?
181, 1667
What are the prime factors of 1393904?
2, 87119
What are the prime factors of 179235?
3, 5, 7, 569
What are the prime factors of 35470?
2, 5, 3547
What are the prime factors of 1047719?
23, 45553
List the prime factors of 246931.
246931
List the prime factors of 5970529.
359, 16631
What are the prime factors of 391992?
2, 3, 16333
What are the prime factors of 187554?
2, 3, 31259
What are the prime factors of 190675?
5, 29, 263
What are the prime factors of 21171934?
2, 7, 1512281
What are the prime factors of 177772?
2, 7, 907
List the prime factors of 908055.
3, 5, 17, 1187
What are the prime factors of 854882?
2, 7, 227, 269
List the prime factors of 8098.
2, 4049
What are the prime factors of 2472334?
2, 293, 4219
What are the prime factors of 11786370?
2, 3, 5, 392879
What are the prime factors of 919856?
2, 7, 43, 191
List the prime factors of 128703.
3, 42901
What are the prime factors of 24672105?
3, 5, 103, 5323
List the prime factors of 2418427.
11, 23, 79
What are the prime factors of 240641?
240641
What are the prime factors of 324491?
324491
List the prime factors of 1105230.
2, 3, 5, 7, 19, 277
List the prime factors of 1764493.
37, 103, 463
What are the prime factors of 4272583?
7, 467, 1307
List the prime factors of 642032.
2, 40127
List the prime factors of 7442750.
2, 5, 7, 4253
List the prime factors of 234658.
2, 117329
What are the prime factors of 5252451?
3, 29, 60373
What are the prime factors of 1968692?
2, 11, 101, 443
List the prime factors of 2001511.
2001511
List the prime factors of 7293013.
7, 13, 107
What are the prime factors of 1356766?
2, 678383
What are the prime factors of 391738?
2, 195869
What are the prime factors of 9426800?
2, 5, 23567
List the prime factors of 297765.
3, 5, 13, 509
What are the prime factors of 442442?
2, 7, 11, 13, 17
What are the prime factors of 4700074?
2, 907, 2591
List the prime factors of 7194205.
5, 173, 8317
List the prime factors of 2698996.
2, 674749
List the prime factors of 6298968.
2, 3, 13, 1553
What are the prime factors of 38639172?
2, 3, 11, 13, 23, 89
What are the prime factors of 14465390?
2, 5, 23, 109, 577
List the prime factors of 213304.
2, 7, 13, 293
List the prime factors of 2246627.
89, 25243
List the prime factors of 3824447.
11, 31607
List the prime factors of 956203.
503, 1901
List the prime factors of 636658.
2, 11, 43, 673
What are the prime factors of 367959?
3, 122653
What are the prime factors of 1076509?
7, 29, 5303
What are the prime factors of 3783630?
2, 3, 5, 29, 4349
What are the prime factors of 908287?
908287
List the prime factors of 3090831.
3, 757, 1361
What are the prime factors of 15656?
2, 19, 103
What are the prime factors of 232948?
2, 58237
List the prime factors of 53268.
2, 3, 23, 193
List the prime factors of 3305689.
71, 46559
What are the prime factors of 1224165?
3, 5, 81611
List the prime factors of 11578661.
11578661
List the prime factors of 4128161.
17, 139, 1747
What are the prime factors of 278347?
278347
List the prime factors of 264499.
19, 13921
List the prime factors of 23353102.
2, 11676551
What are the prime factors of 852234?
2, 3, 142039
List the prime factors of 5157275.
5, 206291
What are the prime factors of 916046?
2, 37, 12379
What are the prime factors of 500506?
2, 250253
List the prime factors of 224138.
2, 112069
List the prime factors of 162217.
11, 14747
What are the prime factors of 12116028?
2, 3, 1009669
What are the prime factors of 11514986?
2, 7, 409, 2011
What are the prime factors of 278494?
2, 17, 8191
What are the prime factors of 1130171?
7, 161453
List the prime factors of 295829.
29, 101
What are the prime factors of 33144?
2, 3, 1381
What are the prime factors of 993177?
3, 211, 523
List the prime factors of 166243.
7, 11, 17, 127
What are the prime factors of 548249?
13, 181, 233
List the prime factors of 13668238.
2, 17, 43, 9349
List the prime factors of 197866.
2, 19, 41, 127
What are the prime factors of 1066857?
3, 11, 2939
What are the prime factors of 30854072?
2, 293, 13163
List the prime factors of 3143264.
2, 98227
List the prime factors of 12522205.
5, 2504441
What are the prime factors of 6438682?
2, 17, 19, 9967
List the prime factors of 474059.
474059
What are the prime factors of 1247036?
2, 7, 44537
What are the prime factors of 378050?
2, 5, 7561
List the prime factors of 499107.
3, 7, 23767
List the prime factors of 34207.
79, 433
List the prime factors of 3626506.
2, 13, 101, 1381
What are the prime factors of 211782?
2, 3, 47, 751
What are the prime factors of 7138449?
3, 88129
List the prime factors of 23096722.
2, 11, 95441
List the prime factors of 218471.
11, 19861
List the prime factors of 1691910.
2, 3, 5, 11, 1709
What are the prime factors of 3663802?
2, 29, 181, 349
What are the prime factors of 32151?
3, 7, 1531
List the prime factors of 10461695.
5, 157, 13327
List the prime factors of 1770954.
2, 3, 23, 41, 313
What are the prime factors of 27441602?
2, 13720801
What are the prime factors of 982753?
17, 57809
List the prime factors of 464213.
464213
What are the prime factors of 2158161?
3, 59, 89, 137
List the prime factors of 380774.
2, 190387
List the prime factors of 3016328.
2, 7, 61, 883
List the prime factors of 155441.
11, 13, 1087
What are the prime factors of 1467577?
439, 3343
List the prime factors of 1482807.
3, 494269
List the prime factors of 1095265.
5, 219053
List the prime factors of 5573309.
7, 107, 1063
List the prime factors of 3368566.
2, 1684283
List the prime factors of 312886.
2, 7, 22349
What are the prime factors of 1098153?
3, 7, 17431
List the prime factors of 257133.
3, 85711
List the prime factors of 1212468.
2, 3, 23, 191
List the prime factors of 246930.
2, 3, 5, 8231
What are the prime factors of 4708935?
3, 5, 7, 11, 151
What are the prime factors of 120991?
13, 41, 227
List the prime factors of 2478410.
2, 5, 11, 22531
List the prime factors of 916311.
3, 11, 27767
What are the prime factors of 170712?
2, 3, 2371
List the prime factors of 17814198.
2, 3, 17, 174649
What are the prime factors of 742765?
5, 149, 997
List the prime factors of 379892.
2, 73, 1301
List the prime factors of 1612594.
2, 806297
What are the prime factors of 2988285?
3, 5, 41, 43, 113
List the prime factors of 1327952.
2, 82997
List the prime factors of 31399292.
2, 223, 35201
What are the prime factors of 276916?
2, 107, 647
List the prime factors of 6298599.
3, 331, 6343
What are the prime factors of 1392321?
3, 7, 66301
W